+ 0. Let p be ((-1)/(-2))/(s/(-16)). What are the prime factors of (-1*1)/((-2)/p)?
2
Suppose -4*g - a + 10 = 0, 0 = 4*g - 5*g + 4*a - 6. List the prime factors of g.
2
Let s = -3 - -7. Let w(k) = s + 0 - 2 + 4*k. List the prime factors of w(2).
2, 5
Let i be (-20)/(-4)*12/15. Suppose n + 1 - i = 0. List the prime factors of n.
3
Let y = -6 - -11. Suppose -5*k + 2*d + 14 = 4*d, -y*d - 19 = -k. What are the prime factors of k?
2
Suppose -2*c = -6*c + 24. Let b = 2 - -2. Let q = c + b. List the prime factors of q.
2, 5
Let j(t) = 2*t + 7. Let q(w) = w. Let s(i) = -j(i) + q(i). List the prime factors of s(-9).
2
What are the prime factors of (4/6)/(16/456)?
19
List the prime factors of ((-18)/(-4) - 1)*(15 - 1).
7
Suppose -19 = 2*i + t - 68, t + 76 = 3*i. List the prime factors of i.
5
Let w(z) = -6*z - 15. Let u be w(-10). Suppose 3*f + 54 = 4*n + f, -u = -4*n + 5*f. List the prime factors of n.
3, 5
Suppose 3*c - c = 14. Suppose 4*a - c = 3*a. List the prime factors of a.
7
Let q(c) = 24*c**2 + 3*c + 1. List the prime factors of q(-1).
2, 11
Let t(v) = -3*v. Let r be t(-1). Suppose -r*h + 0*h = -48. What are the prime factors of h?
2
Let q = -96 + 45. List the prime factors of ((-6)/4)/(q/1054).
31
Suppose 8*a = 12*a - 12. Suppose a*d = -d + 8. What are the prime factors of d?
2
Let n(r) = r + 0 + 2*r - 4*r - 1. Let x be n(1). List the prime factors of 34/6 + x/3.
5
Suppose j + 33 = 4*x, 27 = 4*x - 0*j - 3*j. What are the prime factors of x?
3
Suppose 6*u - 3*u - 12 = 0. Suppose 0 = -2*i - 2*q + 4 + 2, -5*i = -u*q - 42. List the prime factors of i.
2, 3
Let z be (3 + 0 + -2)*17. Suppose z - 44 = -3*o. List the prime factors of o.
3
Let m be 2/11 - (-1004)/44. Let o = 0 + m. List the prime factors of o.
23
Suppose d - 2 = 2*h, -4*d + h = -h - 14. What are the prime factors of d - (2 - 5 - 17)?
2, 3
Let y(q) = -2*q**3 - q**2 - q - 2. Let m be y(-2). Suppose 4*c - 4 = m. Suppose -4*b + c + 4 = 0. List the prime factors of b.
2
Suppose 0*t + 450 = 6*t. List the prime factors of t.
3, 5
List the prime factors of (1 - -3 - 2) + 45.
47
Suppose -6*h = -h + 5*s - 10, 2*h + 4*s = 0. What are the prime factors of h?
2
Suppose 5*g - 255 = -4*b, -2*b = -5*g + 185 + 40. What are the prime factors of g?
47
Suppose -v + 5*k = 3*k - 6, -5*v - 3*k - 9 = 0. Suppose j + j - 8 = v. List the prime factors of j*(-3)/(-3) - 1.
3
Let a(d) = 19*d**2 + 6*d + 19. List the prime factors of a(-3).
2, 43
Suppose -5*r + 25 = -r - d, -4*r = 3*d - 5. What are the prime factors of (13/r)/((-3)/(-15))?
13
Let z(a) = 9*a + 40. What are the prime factors of z(6)?
2, 47
Suppose 0*s = -2*a + 2*s + 10, 0 = 2*a + 3*s + 5. Let b(p) = -p**3 + p**2 + 4*p - 3. Let k be b(a). What are the prime factors of (1*-1)/(k/(-10))?
2, 5
Suppose -4*u = -136 + 32. List the prime factors of u.
2, 13
Let z = -8 - -7. Let i(g) = -3*g**3. List the prime factors of i(z).
3
Suppose 6*b = 675 + 81. List the prime factors of b.
2, 3, 7
Let u(s) = -3*s**2 - 2*s - 8. Let g(a) = -16*a**2 - 11*a - 41. Let k(h) = 2*g(h) - 11*u(h). Let j be k(0). What are the prime factors of (-2)/3 + 28/j?
2
Let i(r) = r**3 + 4*r**2 + 2*r + 1. Let m be i(-3). Suppose b - 2 = -0*b - 2*x, -m*x = 4*b - 28. List the prime factors of b.
2, 3
Let b = -6 - -9. Let u(g) be the third derivative of g**4/24 + g**3/2 - 4*g**2. List the prime factors of u(b).
2, 3
What are the prime factors of (-6)/(-4)*812/21?
2, 29
Let x(r) = -r - 5. Let d be x(-10). Suppose g - b = -d*b + 12, -3*g + 2*b + 50 = 0. List the prime factors of g.
2
Suppose -2*p + 1380 = 4*o, 0 = -p - 4*p. List the prime factors of o.
3, 5, 23
Let m = -184 + 329. What are the prime factors of m?
5, 29
Let f(g) = 2*g**3 + 4*g**2 + 4*g + 4. Let v be f(-2). Let r(q) = q**3 + 6*q**2 - 8. What are the prime factors of r(v)?
2, 3
Let p = 31 - 16. Suppose 0 = -22*q + 15*q + 21. List the prime factors of (1 - q/9)*p.
2, 5
Let g(j) = 0*j**2 + j + 4*j - j**2 - 3. Let f be (1/2)/(1/4). What are the prime factors of g(f)?
3
What are the prime factors of -3 - (94 + 3)*-1?
2, 47
Suppose -5*f + 211 = 2*a - 0*a, -221 = -2*a + 5*f. List the prime factors of a.
2, 3
Suppose 0 = 4*h + p + 113 - 388, -5*h + 335 = 3*p. Suppose 4*c + h - 182 = 0. List the prime factors of c.
2, 7
Suppose -3*d = -2*v - 262, -2*d + 20 + 158 = 2*v. List the prime factors of d.
2, 11
Let p = -2 + 32. What are the prime factors of p?
2, 3, 5
Let m(x) = -6 + 2*x**2 + x**2 + x**3 + 0 - 6*x. Let a be m(-4). What are the prime factors of 7/a + 1/2?
2
Suppose -8 = -z + 4*s, -5*s + 3 = -4*z + 6*z. Let g be ((-15)/(-10))/(2/z). Suppose y - 24 = -g*y. List the prime factors of y.
2, 3
Let h(a) = -11*a + 4*a**2 - a**3 + 13 - 1 + 3*a**2 + 5*a**2. List the prime factors of h(11).
2, 3
Let i = -18 - -51. What are the prime factors of i?
3, 11
Let n be 2 + 38 - (2 - 1). Let o = n - 24. List the prime factors of o.
3, 5
Let c(v) = -v**2 + 7*v - 8. Let a be c(6). List the prime factors of 7 + -1 - a/1.
2
List the prime factors of (173 - 4) + 4/2 - 0.
3, 19
Let d be (-64)/8*(-1)/2. Suppose -r + c - 74 = -d*r, 2*c = -r + 28. List the prime factors of r.
2, 3
Let y = 5 - 4. Suppose -h + y = -4. Suppose 21 = -2*i + h*i. What are the prime factors of i?
7
Let g = 0 - 3. Let m = g - -19. What are the prime factors of m?
2
Suppose 0 = 3*i - 5*q - 27, 4*i = -3*q + 7 - 0. List the prime factors of i.
2
Suppose -3*z + 4*z - 24 = 0. What are the prime factors of z?
2, 3
Suppose 2*j - 1 = 6*l - l, 4*l = 4*j + 4. List the prime factors of 75/4 - l/4.
19
Suppose -o + 2*m + 30 = 6*m, o - 3*m - 16 = 0. Let x be 1/((6/o)/(-3)). Let p = 19 + x. What are the prime factors of p?
2
Let q(t) be the first derivative of 47*t**4/4 + t**3/3 + 1. Let f be q(-1). List the prime factors of f/(-4) + (-4)/(-8).
2, 3
Let u(m) = -m**3 + 7*m**2 + 5*m + 5. Let n be u(8). Suppose -2*w = w + 12. Let g = w - n. List the prime factors of g.
3, 5
Suppose 4*z - 8*z = 0. Suppose z = -2*n - 2, -2*b + n = -0*b - 77. Suppose 0 = 5*w - 7 - b. List the prime factors of w.
3
Suppose -3*y - 2*y = 0. Suppose 3*f + o - 58 = y, -f - 3*f - 3*o + 79 = 0. What are the prime factors of f?
19
Let c = 8 + -7. Let l = 3 - c. What are the prime factors of l?
2
Let d = -7 - 1. Let t be (0 - d) + -2 + 0. Let z = t + -3. List the prime factors of z.
3
Suppose l = -2*t + 52, -3*l + t - 5*t + 158 = 0. Let k = l + -30. What are the prime factors of k?
2, 3
Let t(f) = -f**3 - 11*f**2 - 20*f + 6. List the prime factors of t(-10).
2, 53
Suppose 3*d - 815 = n - 2*n, -d - 4*n + 268 = 0. What are the prime factors of d?
2, 17
Suppose -12 = 3*n - 3. Let z be (17 + -2)*n/(-9). What are the prime factors of ((-1)/(-3))/(z/165)?
11
Suppose 0 = -v - k + 76 + 12, 5*k + 176 = 2*v. What are the prime factors of v?
2, 11
Suppose -5*b + 3*b + 5 = 3*u, -b - 4*u = 0. Suppose -2 = 2*i, -x + 5*i = -1 - b. Let g(k) = -k**3 + k + 2. List the prime factors of g(x).
2
Let h(n) = n + 20. Let v = 3 + -3. What are the prime factors of h(v)?
2, 5
Let j = 17 + -8. List the prime factors of j.
3
Let i(j) = -2*j - 13. List the prime factors of i(-10).
7
What are the prime factors of (3/(-2))/((-3)/54)?
3
List the prime factors of (-268)/(-6) - (-10)/(-15).
2, 11
Suppose 0 = 3*x + 3*i - 444, -2*x + 322 - 1 = -3*i. List the prime factors of x.
3, 17
Let d be -2 + (-1)/(3/(-45)). Suppose 0 = 3*t + 2*k - d, -t = -3*k + k - 15. List the prime factors of t.
7
Let x(c) = -12*c + 2. List the prime factors of x(-4).
2, 5
Let t = -10 + 11. Suppose k - t = 1. What are the prime factors of k?
2
Let p = -57 + 114. What are the prime factors of p?
3, 19
List the prime factors of (-4 - (-4 + 4 + -253)) + 4.
11, 23
Let a(z) = z**3 + 7*z**2 - 3*z + 2. Let f be a(-7). Suppose 122 + f = 5*c. Suppose -c = -3*s + 1. List the prime factors of s.
2, 5
Let k = -10 + 12. Let r(u) be the third derivative of 5*u**4/24 - u**3/3 - 2*u**2. List the prime factors of r(k).
2
Suppose 5*c - c = -j + 11, -2*c = -6. Let f(h) = 16*h**2 - h - 1. What are the prime factors of f(j)?
2
Let c = 17 - -33. List the prime factors of c.
2, 5
Let l = 12 - 2. List the prime factors of l.
2, 5
Suppose 0 = 5*l + 20, -2*l + 0*l = 3*y + 8. Suppose y = -3*r + 88 - 10. What are the prime factors of r?
2, 13
Let o(f) = 22*f**2 + 3*f + 3. What are the prime factors of o(-1)?
2, 11
L